
What is -24e (base 16) in base 13?
-365
10000 (base 5) to base 11
519
-3995 (base 14) to base 4
-2132033
-102101 (base 4) to base 10
-1169
446 (base 7) to base 10
230
-45709 (base 11) to base 4
-100020123
What is -1483 (base 14) in base 12?
-2137
Convert 2317 (base 13) to base 15.
16d1
What is 1223 (base 6) in base 15?
153
Convert 11d1 (base 14) to base 3.
11021200
Convert 1201022 (base 3) to base 9.
1638
Convert 1688 (base 9) to base 15.
5b5
-a7 (base 12) to base 16
-7f
What is 33723 (base 9) in base 14?
8282
-4535 (base 6) to base 15
-4b2
What is 44131 (base 5) in base 8?
5741
What is -603 (base 9) in base 8?
-751
Convert 4756 (base 8) to base 14.
cd8
Convert -8108 (base 9) to base 4.
-1130201
What is 102021 (base 3) in base 15?
154
What is 4502 (base 6) in base 13?
626
Convert -10110010 (base 2) to base 3.
-20121
Convert -10010100111011000 (base 2) to base 11.
-52317
Convert -311320 (base 4) to base 6.
-23544
Convert 572 (base 11) to base 7.
1665
7059 (base 12) to base 4
2332011
-17a (base 16) to base 15
-1a3
What is 110111111011 (base 2) in base 6?
24323
-306 (base 10) to base 8
-462
What is -1013 (base 6) in base 12?
-169
Convert -2211231 (base 4) to base 6.
-121033
What is 223 (base 10) in base 15?
ed
What is -10622 (base 12) in base 14?
-7c4a
What is -201 (base 3) in base 8?
-23
-1111101101011 (base 2) to base 12
-47a3
What is 14a9 (base 16) in base 9?
7226
Convert -37ad (base 15) to base 14.
-4475
15813 (base 12) to base 13
10b96
Convert -8400 (base 9) to base 7.
-23643
Convert -72 (base 15) to base 2.
-1101011
What is 10100100001 (base 2) in base 8?
2441
2033103 (base 4) to base 13
4236
What is 632 (base 8) in base 4?
12122
What is 3012320 (base 4) in base 14?
48d2
What is 3160 (base 8) in base 12?
b54
What is -1670 (base 8) in base 9?
-1267
What is -175 (base 16) in base 3?
-111211
What is 1dcc9 (base 14) in base 9?
126080
64111 (base 8) to base 16
6849
Convert -303 (base 11) to base 10.
-366
Convert -47246 (base 8) to base 6.
-233114
-12b (base 14) to base 10
-235
Convert 6 (base 7) to base 2.
110
What is 1a77 (base 13) in base 11?
2aa3
What is -101334 (base 6) in base 10?
-8122
Convert -a2a2 (base 13) to base 2.
-101011110101000
10111100001 (base 2) to base 8
2741
What is 361 (base 14) in base 3?
220221
-240 (base 16) to base 10
-576
Convert -103234 (base 5) to base 14.
-142d
Convert 1959 (base 10) to base 8.
3647
Convert -5a6 (base 14) to base 8.
-2146
Convert 6b2 (base 13) to base 5.
14114
Convert -1110 (base 2) to base 14.
-10
Convert -5326 (base 11) to base 4.
-1232012
Convert -113313 (base 4) to base 16.
-5f7
What is 4140 (base 8) in base 10?
2144
Convert 1424 (base 5) to base 15.
10e
What is -5184 (base 12) in base 7?
-34621
1100112 (base 3) to base 5
12421
-303245 (base 6) to base 2
-101111000001101
Convert 2ac9 (base 13) to base 16.
1869
What is -1102010 (base 3) in base 6?
-4433
What is -12332213 (base 4) in base 12?
-1465b
What is -12314 (base 5) in base 14?
-4c7
-2032 (base 6) to base 3
-121202
Convert -1341 (base 8) to base 14.
-3a9
What is -47023 (base 8) in base 12?
-b697
What is 1120012 (base 3) in base 5?
14024
Convert -2713 (base 12) to base 8.
-10577
1c87 (base 13) to base 5
114321
300 (base 15) to base 13
3cc
What is 505 (base 15) in base 6?
5122
Convert 35d9 (base 14) to base 2.
10010010111011
Convert 12330323 (base 4) to base 16.
6f3b
What is 31104 (base 5) in base 7?
5626
Convert 3530 (base 10) to base 8.
6712
1407 (base 12) to base 8
4407
40042 (base 6) to base 14
1c82
10316 (base 8) to base 7
15354
771a (base 13) to base 6
204441
-2076 (base 11) to base 8
-5271
-12451 (base 6) to base 2
-11101101111
Convert 1106 (base 11) to base 12.
a16
-1630 (base 7) to base 3
-220101
Convert 708 (base 10) to base 7.
2031
What is -18570 (base 10) in base 8?
-44212
What is -2425 (base 6) in base 13?
-368
What is 1219 (base 10) in base 8?
2303
-607 (base 9) to base 12
-351
-c9b8 (base 16) to base 4
-30212320
-1110010010011 (base 2) to base 6
-53511
What is 2120 (base 6) in base 9?
583
-57336 (base 9) to base 7
-216216
Convert -1904 (base 16) to base 7.
-24446
Convert 9480 (base 11) to base 8.
30407
What is -64a (base 14) in base 11?
-a2a
-112338 (base 9) to base 15
-14e4b
1352 (base 6) to base 13
215
What is 6321 (base 7) in base 2?
100010101100
-60326 (base 7) to base 14
-544d
Convert 3691 (base 11) to base 16.
12d3
What is -93ae (base 16) in base 11?
-2644a
-557 (base 10) to base 15
-272
What is -2011031 (base 4) in base 5?
-233100
What is -ce (base 15) in base 11?
-167
-18580 (base 10) to base 3
-221111011
What is -34232 (base 6) in base 12?
-2978
-2311141 (base 5) to base 4
-22013031
4818 (base 12) to base 8
17624
-1a16 (base 14) to base 5
-122344
Convert -242433 (base 5) to base 4.
-2032132
150 (base 14) to base 5
2031
-13ce (base 15) to base 13
-1c16
-4402 (base 5) to base 14
-310
-222310 (base 7) to base 12
-1a874
What is 25246 (base 7) in base 15?
1e84
Convert afbc (base 16) to base 10.
44988
What is -249 (base 15) in base 11?
-432
Convert -1bb (base 12) to base 14.
-167
-2001 (base 6) to base 2
-110110001
What is 2b0 (base 13) in base 3?
122211
Convert -1112 (base 6) to base 14.
-148
-6086 (base 12) to base 13
-49c5
What is -2102112 (base 3) in base 8?
-3351
What is 35351 (base 6) in base 16?
13f3
What is 33103 (base 7) in base 10?
8284
1594 (base 16) to base 10
5524
-1894 (base 14) to base 3
-20002112
What is 2220133 (base 4) in base 8?
25037
-1220 (base 6) to base 2
-100101100
What is 10210 (base 4) in base 6?
1204
Convert a26 (base 16) to base 14.
d38
-1598 (base 12) to base 3
-10111222
What is -3a855 (base 11) in base 4?
-32032111
Convert -200124 (base 5) to base 11.
-47a8
What is -10000110111 (base 2) in base 8?
-2067
12455 (base 9) to base 8
20311
a75 (base 12) to base 16
5f9
What is -3541 (base 6) in base 8?
-1525
What is -380 (base 15) in base 8?
-1433
Convert 305 (base 8) to base 2.
11000101
Convert 11220 (base 3) to base 9.
156
What is -38748 (base 9) in base 4?
-12120032
What is -212123 (base 4) in base 9?
-3332
What is 10204 (base 6) in base 13?
817
-544 (base 10) to base 11
-455
What is -122 (base 9) in base 5?
-401
-703 (base 16) to base 4
-130003
What is 3025 (base 7) in base 2?
10000011000
-97c (base 16) to base 9
-3287
340 (base 15) to base 5
10420
What is 410100 (base 6) in base 5?
2014221
1845 (base 13) to base 4
320112
1100110010101001 (base 2) to base 14
15145
Convert -4541 (base 6) to base 11.
-892
What is -31628 (base 9) in base 12?
-10138
622 (base 16) to base 4
120202
What is 50a3 (base 16) in base 13?
951c
-323 (base 8) to base 6
-551
Convert 1548 (base 10) to base 11.
1188
Convert -9c7c (base 14) to base 9.
-41225
What is -110110101110000 (base 2) in base 9?
-42378
What is 3e71 (base 16) in base 3?
210221001
-50518 (base 9) to base 10
-33227
Convert 1206 (base 8) to base 14.
342
-5a38 (base 12) to base 16
-278c
Convert -7492 (base 11) to base 10.
-9902
-389 (base 10) to base 6
-1445
-350 (base 9) to base 5
-2123
What is -2985 (base 10) in base 7?
-11463
What is 3a4f (base 16) in base 5?
434202
What is -345a (base 11) in base 12?
-2766
Convert -12213 (base 4) to base 11.
-355
20001100 (base 3) to base 13
2013
What is -3212 (base 4) in base 9?
-275
What is -1312 (base 6) in base 9?
-408
11 (base 7) to base 14
8
What is -2803 (base 10) in base 4?
-223303
Convert 4681 (base 11) to base 7.
23620
Convert -10010011000110 (base 2) to base 9.
-13820
430003 (base 5) to base 11
a891
840 (base 9) to base 12
490
Convert -8b5 (base 14) to base 11.
-1330
7596 (base 14) to base 2
100111101100000
Convert -26873 (base 9) to base 4.
-10130202
Convert -12101 (base 4) to base 9.
-485
What is 7131 (base 10) in base 6?
53003
135 (base 6) to base 11
54
Convert 1020100102 (base 3) to base 7.
130610
Convert 16142 (base 12) to base 5.
2000143
-137 (base 9) to base 16
-73
Convert c756 (base 14) to base 13.
12854
What is 3272 (base 8) in base 16?
6ba
22 (base 13) to base 9
31
-306 (base 11) to base 3
-111200
What is 17101 (base 9) in base 14?
43d0
224 (base 11) to base 9
327
-2433 (base 12) to base 6
-30503
260 (base 13) to base 11
349
Convert -48a (base 15) to base 4.
-100012
421305 (base 6) to base 2
1000010011101001
What is 2121110112 (base 3) in base 14?
14a12
2711 (base 8) to base 15
68b
1025 (base 12) to b